 58 and 464.
58
Calculate the highest common divisor of 1422 and 632.
158
Calculate the highest common divisor of 1288 and 4991.
161
What is the highest common divisor of 4370 and 304?
38
Calculate the greatest common factor of 14784 and 28.
28
Calculate the greatest common divisor of 174 and 12238.
58
What is the greatest common divisor of 75 and 125?
25
Calculate the greatest common factor of 1 and 27.
1
Calculate the highest common divisor of 172 and 7826.
86
Calculate the highest common factor of 5587 and 1208.
151
What is the highest common divisor of 3654 and 126?
126
What is the highest common divisor of 27 and 1287?
9
Calculate the greatest common factor of 69078 and 348.
174
What is the greatest common factor of 4355 and 715?
65
What is the greatest common divisor of 73 and 73?
73
What is the highest common factor of 4848 and 48?
48
What is the greatest common divisor of 46 and 667?
23
What is the highest common divisor of 13 and 2?
1
What is the greatest common factor of 32 and 1696?
32
What is the greatest common factor of 70 and 490?
70
What is the greatest common factor of 136 and 11492?
68
What is the highest common divisor of 32 and 1376?
32
What is the greatest common divisor of 124 and 31?
31
What is the greatest common factor of 18 and 6246?
18
What is the highest common factor of 1280 and 48?
16
What is the highest common divisor of 88 and 192?
8
Calculate the greatest common factor of 2576 and 560.
112
Calculate the highest common factor of 11 and 7.
1
What is the highest common factor of 93 and 2139?
93
What is the greatest common divisor of 1647 and 405?
27
Calculate the greatest common divisor of 98 and 2646.
98
What is the greatest common divisor of 10 and 2110?
10
What is the highest common divisor of 23 and 3266?
23
Calculate the highest common factor of 93 and 3.
3
What is the greatest common factor of 56 and 40?
8
Calculate the greatest common divisor of 6296 and 36.
4
Calculate the highest common divisor of 506 and 44.
22
What is the greatest common factor of 121 and 77?
11
Calculate the highest common factor of 200 and 2264.
8
What is the highest common factor of 28 and 21?
7
Calculate the greatest common factor of 171 and 76.
19
What is the highest common factor of 96 and 816?
48
Calculate the highest common divisor of 112 and 70.
14
What is the greatest common factor of 259 and 111?
37
Calculate the greatest common divisor of 150 and 3.
3
Calculate the greatest common divisor of 35 and 245.
35
Calculate the highest common divisor of 16 and 6.
2
Calculate the highest common factor of 195 and 130.
65
Calculate the highest common divisor of 1247 and 783.
29
Calculate the greatest common divisor of 354 and 6254.
118
What is the highest common divisor of 9 and 660?
3
What is the highest common factor of 264 and 33?
33
Calculate the greatest common factor of 217 and 13.
1
What is the greatest common factor of 38 and 1786?
38
What is the highest common factor of 176 and 44?
44
Calculate the highest common factor of 176 and 220.
44
What is the highest common factor of 4257 and 1935?
387
What is the greatest common divisor of 4029 and 102?
51
What is the highest common factor of 1075 and 55?
5
Calculate the highest common divisor of 39 and 39.
39
What is the highest common factor of 93 and 14043?
93
Calculate the highest common factor of 15 and 24405.
15
Calculate the greatest common factor of 17 and 952.
17
What is the greatest common factor of 488 and 16?
8
What is the highest common factor of 385 and 220?
55
What is the greatest common divisor of 360 and 5?
5
What is the greatest common factor of 143 and 3679?
13
Calculate the highest common divisor of 105 and 245.
35
What is the highest common factor of 20964 and 24?
12
Calculate the highest common factor of 6 and 3450.
6
Calculate the highest common factor of 216 and 360.
72
Calculate the greatest common factor of 204 and 68.
68
Calculate the greatest common divisor of 270 and 2610.
90
Calculate the greatest common divisor of 4 and 23.
1
What is the greatest common factor of 72 and 17?
1
Calculate the greatest common factor of 190 and 290.
10
What is the greatest common factor of 588 and 12?
12
Calculate the highest common divisor of 26 and 130.
26
Calculate the highest common divisor of 154 and 3322.
22
What is the greatest common divisor of 6231 and 186?
93
Calculate the greatest common factor of 35 and 5.
5
What is the highest common divisor of 1525 and 50?
25
Calculate the highest common divisor of 2 and 512.
2
Calculate the greatest common factor of 704 and 44.
44
What is the greatest common factor of 1445 and 15?
5
What is the highest common divisor of 468 and 377?
13
Calculate the highest common factor of 22 and 946.
22
What is the greatest common divisor of 2 and 176?
2
What is the greatest common divisor of 10 and 9290?
10
Calculate the highest common factor of 39 and 741.
39
What is the highest common divisor of 243 and 9?
9
What is the highest common factor of 5 and 45?
5
What is the greatest common factor of 6 and 26094?
6
Calculate the greatest common divisor of 1507 and 22.
11
What is the highest common factor of 108 and 6588?
108
Calculate the greatest common divisor of 1166 and 5194.
106
Calculate the highest common factor of 3304 and 21.
7
What is the greatest common factor of 138 and 30?
6
Calculate the highest common divisor of 2384 and 176.
16
Calculate the highest common factor of 49 and 35917.
49
Calculate the greatest common factor of 98 and 350.
14
What is the highest common divisor of 40 and 1670?
10
Calculate the greatest common divisor of 20 and 592.
4
What is the highest common divisor of 33 and 4246?
11
Calculate the highest common factor of 294 and 3920.
98
Calculate the highest common factor of 10 and 10.
10
Calculate the greatest common factor of 104 and 286.
26
Calculate the highest common divisor of 1770 and 60.
30
Calculate the greatest common factor of 19 and 54.
1
What is the greatest common factor of 1386 and 756?
126
What is the greatest common divisor of 684 and 513?
171
Calculate the greatest common divisor of 13485 and 145.
145
Calculate the greatest common factor of 316 and 92904.
316
Calculate the highest common divisor of 135 and 12447.
27
Calculate the highest common divisor of 335 and 536.
67
Calculate the greatest common divisor of 27 and 999.
27
What is the highest common factor of 6154 and 17?
17
Calculate the greatest common divisor of 3 and 843.
3
What is the greatest common factor of 960 and 1344?
192
What is the greatest common divisor of 40 and 3912?
8
Calculate the greatest common factor of 600 and 690.
30
Calculate the highest common divisor of 3627 and 2511.
279
What is the highest common divisor of 70 and 175?
35
What is the highest common factor of 134 and 3?
1
Calculate the greatest common factor of 16 and 448.
16
Calculate the greatest common divisor of 54 and 81.
27
Calculate the greatest common factor of 1586 and 52.
26
Calculate the greatest common divisor of 68 and 697.
17
What is the highest common factor of 116 and 551?
29
What is the greatest common factor of 4 and 320?
4
Calculate the highest common factor of 70 and 10185.
35
Calculate the greatest common divisor of 95 and 20.
5
What is the greatest common factor of 416 and 52?
52
What is the greatest common factor of 528 and 5544?
264
What is the greatest common factor of 11 and 176?
11
What is the greatest common divisor of 1305 and 45?
45
Calculate the greatest common factor of 731 and 1634.
43
Calculate the greatest common factor of 10 and 8520.
10
Calculate the greatest common divisor of 106 and 106.
106
What is the greatest common factor of 441 and 126?
63
Calculate the greatest common divisor of 55 and 25.
5
What is the greatest common divisor of 633 and 24?
3
Calculate the highest common divisor of 36 and 45.
9
Calculate the highest common divisor of 68 and 4.
4
Calculate the highest common divisor of 288 and 9.
9
Calculate the highest common factor of 231 and 3300.
33
What is the greatest common divisor of 72 and 40?
8
Calculate the highest common factor of 514 and 24929.
257
What is the highest common divisor of 130 and 1810?
10
What is the greatest common divisor of 77 and 385?
77
Calculate the highest common factor of 189 and 27.
